{"id":31,"date":"2022-12-02T13:38:58","date_gmt":"2022-12-02T12:38:58","guid":{"rendered":"https:\/\/consolatorio.esteri.it\/servizi-consolari-e-visti\/"},"modified":"2026-04-01T21:41:10","modified_gmt":"2026-04-01T19:41:10","slug":"servizi-consolari-e-visti","status":"publish","type":"page","link":"https:\/\/consriodejaneiro.esteri.it\/br\/servizi-consolari-e-visti\/","title":{"rendered":"Servi\u00e7os Consulares e Vistos"},"content":{"rendered":"<p style=\"text-align: justify;\"><strong>Os servi\u00e7os consulares s\u00e3o prestados em conformidade com os princ\u00edpios da igualdade, imparcialidade, efici\u00eancia e transpar\u00eancia.<\/strong><\/p>\n<ul style=\"text-align: justify;\">\n<li>Para contatos dos escrit\u00f3rios do Consulado, visite a se\u00e7\u00e3o <a href=\"https:\/\/consriodejaneiro.esteri.it\/br\/chi-siamo\/contatti\/\">CONTATOS<\/a>.<\/li>\n<li>Para obter informa\u00e7\u00f5es sobre os dias e hor\u00e1rios do Consulado, visite a se\u00e7\u00e3o<a href=\"https:\/\/consriodejaneiro.esteri.it\/br\/chi-siamo\/\"> QUEM SOMOS<\/a>.<\/li>\n<li><a href=\"https:\/\/consriodejaneiro.esteri.it\/br\/servizi-consolari-e-visti\/servizi-per-il-cittadino-italiano\/\">Servi\u00e7os para o cidad\u00e3o italiano<\/a><\/li>\n<li><a href=\"https:\/\/consriodejaneiro.esteri.it\/br\/servizi-consolari-e-visti\/servizi-per-il-cittadino-straniero\/\">Servi\u00e7os para o cidad\u00e3o estrangeiro<\/a><\/li>\n<\/ul>\n<p style=\"text-align: justify;\"><strong>PROTE\u00c7\u00c3O DE DADOS PESSOAIS<\/strong><\/p>\n<p style=\"text-align: justify;\">As seguintes informa\u00e7\u00f5es sobre o tratamento de dados pessoais destinados aos utilizadores e divididos por tipo de servi\u00e7o:<br \/>\n(Clique no item desejado)<\/p>\n<p style=\"text-align: justify;\"><a href=\"https:\/\/consriodejaneiro.esteri.it\/wp-content\/uploads\/2023\/10\/Informativa_TDP_per_cittadinanza__all.2__Rev._feb._2023.docx\"> Informa\u00e7\u00f5es sobre o tratamento de dados pessoais para pr\u00e1ticas de CIDADANIA<\/a><br \/>\n<a href=\"https:\/\/consriodejaneiro.esteri.it\/wp-content\/uploads\/2023\/10\/Informativa_TDP_per_servizi_consolari_ex_visti_e_cittadinanza__all.3__Rev._feb.2023.docx\">Informa\u00e7\u00f5es sobre o tratamento de dados pessoais em outros SERVI\u00c7OS CONSULARES<\/a><\/p>\n<p><strong>TARIFAS CONSULARES<\/strong><\/p>\n<p><a href=\"https:\/\/consriodejaneiro.esteri.it\/wp-content\/uploads\/2026\/04\/TARIFFE-CONSOLARI_2026_2.pdf\">TARIFAS CONSULARES EM VIGOR<\/a><\/p>\n","protected":false},"excerpt":{"rendered":"Os servi\u00e7os consulares s\u00e3o prestados em conformidade com os princ\u00edpios da igualdade, imparcialidade, efici\u00eancia e transpar\u00eancia. Para contatos dos escrit\u00f3rios do Consulado, visite a se\u00e7\u00e3o CONTATOS. Para obter informa\u00e7\u00f5es sobre os dias e hor\u00e1rios do Consulado, visite a se\u00e7\u00e3o QUEM SOMOS. Servi\u00e7os para o cidad\u00e3o italiano Servi\u00e7os para o cidad\u00e3o estrangeiro PROTE\u00c7\u00c3O DE DADOS PESSOAIS [&hellip;]","protected":false},"author":2,"featured_media":0,"parent":0,"menu_order":0,"comment_status":"closed","ping_status":"closed","template":"","meta":{"footnotes":""},"class_list":["post-31","page","type-page","status-publish","hentry"],"_links":{"self":[{"href":"https:\/\/consriodejaneiro.esteri.it\/br\/wp-json\/wp\/v2\/pages\/31","targetHints":{"allow":["GET"]}}],"collection":[{"href":"https:\/\/consriodejaneiro.esteri.it\/br\/wp-json\/wp\/v2\/pages"}],"about":[{"href":"https:\/\/consriodejaneiro.esteri.it\/br\/wp-json\/wp\/v2\/types\/page"}],"author":[{"embeddable":true,"href":"https:\/\/consriodejaneiro.esteri.it\/br\/wp-json\/wp\/v2\/users\/2"}],"replies":[{"embeddable":true,"href":"https:\/\/consriodejaneiro.esteri.it\/br\/wp-json\/wp\/v2\/comments?post=31"}],"version-history":[{"count":9,"href":"https:\/\/consriodejaneiro.esteri.it\/br\/wp-json\/wp\/v2\/pages\/31\/revisions"}],"predecessor-version":[{"id":6715,"href":"https:\/\/consriodejaneiro.esteri.it\/br\/wp-json\/wp\/v2\/pages\/31\/revisions\/6715"}],"wp:attachment":[{"href":"https:\/\/consriodejaneiro.esteri.it\/br\/wp-json\/wp\/v2\/media?parent=31"}],"curies":[{"name":"wp","href":"https:\/\/api.w.org\/{rel}","templated":true}]}}

Serviços Consulares e Vistos

<p style="text-align: justify;"><strong>Os serviços consulares são prestados em conformidade com os princípios da igualdade, imparcialidade, eficiência e transparência.</strong></p>
<ul style="text-align: justify;">
<li>Para contatos dos escritórios do Consulado, visite a seção <a href="https://consriodejaneiro.esteri.it/br/chi-siamo/contatti/">CONTATOS</a>.</li>
<li>Para obter informações sobre os dias e horários do Consulado, visite a seção<a href="https://consriodejaneiro.esteri.it/br/chi-siamo/"> QUEM SOMOS</a>.</li>
<li><a href="https://consriodejaneiro.esteri.it/br/servizi-consolari-e-visti/servizi-per-il-cittadino-italiano/">Serviços para o cidadão italiano</a></li>
<li><a href="https://consriodejaneiro.esteri.it/br/servizi-consolari-e-visti/servizi-per-il-cittadino-straniero/">Serviços para o cidadão estrangeiro</a></li>
</ul>
<p style="text-align: justify;"><strong>PROTEÇÃO DE DADOS PESSOAIS</strong></p>
<p style="text-align: justify;">As seguintes informações sobre o tratamento de dados pessoais destinados aos utilizadores e divididos por tipo de serviço:<br />
(Clique no item desejado)</p>
<p style="text-align: justify;"><a href="https://consriodejaneiro.esteri.it/wp-content/uploads/2023/10/Informativa_TDP_per_cittadinanza__all.2__Rev._feb._2023.docx"> Informações sobre o tratamento de dados pessoais para práticas de CIDADANIA</a><br />
<a href="https://consriodejaneiro.esteri.it/wp-content/uploads/2023/10/Informativa_TDP_per_servizi_consolari_ex_visti_e_cittadinanza__all.3__Rev._feb.2023.docx">Informações sobre o tratamento de dados pessoais em outros SERVIÇOS CONSULARES</a></p>
<p><strong>TARIFAS CONSULARES</strong></p>
<p><a href="https://consriodejaneiro.esteri.it/wp-content/uploads/2026/04/TARIFFE-CONSOLARI_2026_2.pdf">TARIFAS CONSULARES EM VIGOR</a></p>

Os serviços consulares são prestados em conformidade com os princípios da igualdade, imparcialidade, eficiência e transparência. Para contatos dos escritórios do Consulado, visite a seção CONTATOS. Para obter informações sobre os dias e horários do Consulado, visite a seção QUEM SOMOS. Serviços para o cidadão italiano Serviços para o cidadão estrangeiro PROTEÇÃO DE DADOS PESSOAIS [&hellip;]
