{"id":61,"date":"2022-12-02T16:33:27","date_gmt":"2022-12-02T15:33:27","guid":{"rendered":"https:\/\/consolatorio.esteri.it\/?page_id=61"},"modified":"2026-08-25T20:59:31","modified_gmt":"2026-08-25T18:59:31","slug":"il-console-generale","status":"publish","type":"page","link":"https:\/\/consriodejaneiro.esteri.it\/it\/chi-siamo\/il-console-generale\/","title":{"rendered":"Il Console Generale"},"content":{"rendered":"<p><img loading=\"lazy\" decoding=\"async\" class=\"alignnone wp-image-7249 img-fluid\" src=\"https:\/\/consriodejaneiro.esteri.it\/wp-content\/uploads\/2026\/08\/Foto-Andreas-Ferrarese-1-300x227.jpg\" alt=\"\" width=\"324\" height=\"245\" srcset=\"https:\/\/consriodejaneiro.esteri.it\/wp-content\/uploads\/2026\/08\/Foto-Andreas-Ferrarese-1-300x227.jpg 300w, https:\/\/consriodejaneiro.esteri.it\/wp-content\/uploads\/2026\/08\/Foto-Andreas-Ferrarese-1.jpg 371w\" sizes=\"auto, (max-width: 324px) 100vw, 324px\" \/><\/p>\n<p style=\"text-align: justify;\"><strong>Andreas Ferrarese<\/strong><\/p>\n<p style=\"text-align: justify;\"><em>Curriculum Vitae<\/em><\/p>\n<p>\u00c8 nato a T\u00fcbingen (Germania) il 17 gennaio 1968 e si \u00e8 laureato in Lingue e Letterature Orientali all\u2019Universit\u00e0 \u201cCa\u2019 Foscari\u201d di Venezia nel 1992.<\/p>\n<p>Entrato in carriera diplomatica nel 1994, dopo un periodo di formazione presso l\u2019Istituto Diplomatico, inizia il suo percorso professionale alla Direzione Generale per gli Affari Economici, dove si occupa di relazioni finanziarie e commerciali con il Sud-Est Asiatico e promozione del Sistema Italia in Asia.<\/p>\n<p>Nel 1996 parte per l\u2019estero, prestando servizio all\u2019Ambasciata d\u2019Italia a Manila, dapprima come Secondo Segretario commerciale e successivamente come Primo Segretario commerciale e Vicario del Capo Missione. Nel 2001 viene trasferito all\u2019Ambasciata d\u2019Italia a Tel Aviv.<\/p>\n<p>Rientrato al Ministero nel 2004, presta servizio presso la Segreteria Generale, Unit\u00e0 di Crisi, competente per la sicurezza degli italiani in tutto il mondo. Nel 2005-2006 frequenta presso l\u2019Istituto Diplomatico il corso di aggiornamento professionale per Consiglieri di legazione.<\/p>\n<p>Nel 2008 riparte per l\u2019estero, come Consigliere e Vicario del Capo Missione all\u2019Ambasciata d\u2019Italia a Beirut, dove dal 2009 svolge le funzioni di Primo Consigliere. Nel 2011 viene trasferito all\u2019Ambasciata d\u2019Italia a Brasilia, dove ricopre l\u2019incarico di Ministro Consigliere e Vicario del Capo Missione.<\/p>\n<p>Nel 2013 \u00e8 nominato Ambasciatore d\u2019Italia a Pristina, in Kosovo. Nel 2016 rientra a Roma e, dal novembre dello stesso anno, presta servizio fuori ruolo presso la Presidenza del Consiglio dei Ministri. Nel gennaio 2017 \u00e8 nominato Ministro Plenipotenziario.<\/p>\n<p>Rientrato al Ministero nel novembre 2018, presta servizio alle dirette dipendenze del Segretario Generale. Dal 10 febbraio 2020 al gennaio 2024 \u00e8 Ambasciatore d\u2019Italia in Pakistan.<\/p>\n<p>Dal gennaio 2024 presta servizio al Ministero degli Affari Esteri e della Cooperazione Internazionale, alle dirette dipendenze del Direttore Generale per le Risorse e la Formazione.<\/p>\n<p>Dal 24 agosto 2026 \u00e8 Console Generale d\u2019Italia a Rio de Janeiro.<\/p>\n<p>Nel 2016 \u00e8 stato insignito dell\u2019onorificenza di Cavaliere Ufficiale dell\u2019Ordine al Merito della Repubblica Italiana.<\/p>\n<p>Parla inglese, francese, spagnolo, portoghese, arabo, ebraico e georgiano. \u00c8 sposato con Albana e ha quattro figlie. Tra i suoi principali hobby e interessi ci sono la storia antica, la cucina e le arti marziali (judo e karate).<\/p>\n","protected":false},"excerpt":{"rendered":"Andreas Ferrarese Curriculum Vitae \u00c8 nato a T\u00fcbingen (Germania) il 17 gennaio 1968 e si \u00e8 laureato in Lingue e Letterature Orientali all\u2019Universit\u00e0 \u201cCa\u2019 Foscari\u201d di Venezia nel 1992. Entrato in carriera diplomatica nel 1994, dopo un periodo di formazione presso l\u2019Istituto Diplomatico, inizia il suo percorso professionale alla Direzione Generale per gli Affari Economici, [&hellip;]","protected":false},"author":3,"featured_media":0,"parent":12,"menu_order":0,"comment_status":"closed","ping_status":"closed","template":"","meta":{"footnotes":""},"class_list":["post-61","page","type-page","status-publish","hentry"],"_links":{"self":[{"href":"https:\/\/consriodejaneiro.esteri.it\/it\/wp-json\/wp\/v2\/pages\/61","targetHints":{"allow":["GET"]}}],"collection":[{"href":"https:\/\/consriodejaneiro.esteri.it\/it\/wp-json\/wp\/v2\/pages"}],"about":[{"href":"https:\/\/consriodejaneiro.esteri.it\/it\/wp-json\/wp\/v2\/types\/page"}],"author":[{"embeddable":true,"href":"https:\/\/consriodejaneiro.esteri.it\/it\/wp-json\/wp\/v2\/users\/3"}],"replies":[{"embeddable":true,"href":"https:\/\/consriodejaneiro.esteri.it\/it\/wp-json\/wp\/v2\/comments?post=61"}],"version-history":[{"count":6,"href":"https:\/\/consriodejaneiro.esteri.it\/it\/wp-json\/wp\/v2\/pages\/61\/revisions"}],"predecessor-version":[{"id":7267,"href":"https:\/\/consriodejaneiro.esteri.it\/it\/wp-json\/wp\/v2\/pages\/61\/revisions\/7267"}],"up":[{"embeddable":true,"href":"https:\/\/consriodejaneiro.esteri.it\/it\/wp-json\/wp\/v2\/pages\/12"}],"wp:attachment":[{"href":"https:\/\/consriodejaneiro.esteri.it\/it\/wp-json\/wp\/v2\/media?parent=61"}],"curies":[{"name":"wp","href":"https:\/\/api.w.org\/{rel}","templated":true}]}}

<p><img loading="lazy" decoding="async" class="alignnone wp-image-7249 img-fluid" src="https://consriodejaneiro.esteri.it/wp-content/uploads/2026/08/Foto-Andreas-Ferrarese-1-300x227.jpg" alt="" width="324" height="245" srcset="https://consriodejaneiro.esteri.it/wp-content/uploads/2026/08/Foto-Andreas-Ferrarese-1-300x227.jpg 300w, https://consriodejaneiro.esteri.it/wp-content/uploads/2026/08/Foto-Andreas-Ferrarese-1.jpg 371w" sizes="auto, (max-width: 324px) 100vw, 324px" /></p>
<p style="text-align: justify;"><strong>Andreas Ferrarese</strong></p>
<p style="text-align: justify;"><em>Curriculum Vitae</em></p>
<p>È nato a Tübingen (Germania) il 17 gennaio 1968 e si è laureato in Lingue e Letterature Orientali all’Università “Ca’ Foscari” di Venezia nel 1992.</p>
<p>Entrato in carriera diplomatica nel 1994, dopo un periodo di formazione presso l’Istituto Diplomatico, inizia il suo percorso professionale alla Direzione Generale per gli Affari Economici, dove si occupa di relazioni finanziarie e commerciali con il Sud-Est Asiatico e promozione del Sistema Italia in Asia.</p>
<p>Nel 1996 parte per l’estero, prestando servizio all’Ambasciata d’Italia a Manila, dapprima come Secondo Segretario commerciale e successivamente come Primo Segretario commerciale e Vicario del Capo Missione. Nel 2001 viene trasferito all’Ambasciata d’Italia a Tel Aviv.</p>
<p>Rientrato al Ministero nel 2004, presta servizio presso la Segreteria Generale, Unità di Crisi, competente per la sicurezza degli italiani in tutto il mondo. Nel 2005-2006 frequenta presso l’Istituto Diplomatico il corso di aggiornamento professionale per Consiglieri di legazione.</p>
<p>Nel 2008 riparte per l’estero, come Consigliere e Vicario del Capo Missione all’Ambasciata d’Italia a Beirut, dove dal 2009 svolge le funzioni di Primo Consigliere. Nel 2011 viene trasferito all’Ambasciata d’Italia a Brasilia, dove ricopre l’incarico di Ministro Consigliere e Vicario del Capo Missione.</p>
<p>Nel 2013 è nominato Ambasciatore d’Italia a Pristina, in Kosovo. Nel 2016 rientra a Roma e, dal novembre dello stesso anno, presta servizio fuori ruolo presso la Presidenza del Consiglio dei Ministri. Nel gennaio 2017 è nominato Ministro Plenipotenziario.</p>
<p>Rientrato al Ministero nel novembre 2018, presta servizio alle dirette dipendenze del Segretario Generale. Dal 10 febbraio 2020 al gennaio 2024 è Ambasciatore d’Italia in Pakistan.</p>
<p>Dal gennaio 2024 presta servizio al Ministero degli Affari Esteri e della Cooperazione Internazionale, alle dirette dipendenze del Direttore Generale per le Risorse e la Formazione.</p>
<p>Dal 24 agosto 2026 è Console Generale d’Italia a Rio de Janeiro.</p>
<p>Nel 2016 è stato insignito dell’onorificenza di Cavaliere Ufficiale dell’Ordine al Merito della Repubblica Italiana.</p>
<p>Parla inglese, francese, spagnolo, portoghese, arabo, ebraico e georgiano. È sposato con Albana e ha quattro figlie. Tra i suoi principali hobby e interessi ci sono la storia antica, la cucina e le arti marziali (judo e karate).</p>

Andreas Ferrarese Curriculum Vitae È nato a Tübingen (Germania) il 17 gennaio 1968 e si è laureato in Lingue e Letterature Orientali all’Università “Ca’ Foscari” di Venezia nel 1992. Entrato in carriera diplomatica nel 1994, dopo un periodo di formazione presso l’Istituto Diplomatico, inizia il suo percorso professionale alla Direzione Generale per gli Affari Economici, [&hellip;]
